 952. What is o(4)?
-44
Let c(b) = 5*b**2 + 86*b - 4. What is c(-18)?
68
Let j(z) = 49*z - 687. Determine j(24).
489
Let c(t) = 10*t - 5. Determine c(-8).
-85
Let s(w) = -6*w**2 - 267*w - 183. What is s(-44)?
-51
Let q(k) = -1235*k + 3672. Calculate q(3).
-33
Let h(w) = -w**2 + 266*w + 4209. Calculate h(-15).
-6
Let p(m) = 72*m**2 - 16*m + 9. Calculate p(1).
65
Let l(y) = -713*y**3 - 10*y**2 + 4*y - 1. Calculate l(1).
-720
Let r(i) = -11238*i + 33724. Calculate r(3).
10
Let v(y) = -2*y**2 + 46*y + 487. Give v(31).
-9
Let a(b) = -30*b**2 - 72*b - 5. Determine a(3).
-491
Let z(i) = 2*i**2 - 150*i - 131. Give z(77).
177
Let u(v) = -12*v - 487. Calculate u(-38).
-31
Let c(l) = -l**2 - 118*l + 557. Give c(-124).
-187
Let s(x) = x**2 + 95*x - 14765. Give s(83).
9
Let u(a) = a + 37. Give u(14).
51
Let l(p) = -p**3 + 25*p**2 + 60*p + 678. What is l(28)?
6
Let p(l) = -l**2 - 394*l - 1937. What is p(-5)?
8
Let b(s) = s**3 - 10*s**2 - 14*s + 241. Give b(8).
1
Let q(m) = 12*m**3 + 2*m**2 + m + 9. Give q(-3).
-300
Let k(p) = 1338*p + 8217. Calculate k(-6).
189
Let l(x) = x**3 + 28*x**2 - 96*x - 152. What is l(-31)?
-59
Let q(j) = -j**3 + 48*j**2 - 564*j - 38. Determine q(27).
43
Let a(d) = 10*d**2 - 12*d - 13. Determine a(-4).
195
Let q(o) = -54*o - 1180. Calculate q(-21).
-46
Let i(y) = -y**3 + 17*y**2 + 269*y - 1574. Give i(-13).
-1
Let r(d) = -49*d + 72. Determine r(1).
23
Let k(a) = a**2 + 23*a - 153. What is k(-29)?
21
Let q(s) = -22*s + 164. Calculate q(9).
-34
Let d(o) = -71*o**3 - o**2 - 4*o + 3. Calculate d(1).
-73
Let l(f) = 2*f + 7. Give l(-7).
-7
Let d(s) = s**3 - 200*s**2 + 622*s - 6101. Calculate d(197).
6
Let k(l) = -53*l + 1597. What is k(29)?
60
Let m(h) = -23*h - 1296. Determine m(-56).
-8
Let a(g) = g**3 - 25*g**2 - 55*g - 11. What is a(27)?
-38
Let q(r) = 166*r - 8932. What is q(54)?
32
Let m(j) = -6*j**2 - 48*j - 227. Give m(-5).
-137
Let j(y) = -435*y**2 + 6524*y + 24. Give j(15).
9
Let m(i) = -2*i**2 + 4*i + 152. Give m(10).
-8
Let n(h) = -22*h + 585. Give n(31).
-97
Let g(m) = -367*m + 729. Calculate g(2).
-5
Let m(f) = 365*f**2 + 355*f - 2. Give m(-1).
8
Let q(p) = -3*p**3 - 25*p**2 - 47*p. Determine q(-4).
-20
Let h(j) = -22*j**2 + 155*j - 7. What is h(7)?
0
Let b(y) = -103*y + 732. Determine b(7).
11
Let d(v) = -6*v + 355. Give d(0).
355
Let h(x) = -80*x**2 + 397*x - 8. Give h(5).
-23
Let z(d) = 2*d**2 + 48*d - 149. Give z(3).
13
Let n(h) = -h**3 + 83*h**2 + 77*h + 601. What is n(84)?
13
Let g(t) = 5223*t + 36558. What is g(-7)?
-3
Let j(x) = -x**3 - 6*x**2 + 4*x + 31. What is j(-6)?
7
Let v(t) = t**3 - 12*t**2 + 7*t - 111. What is v(12)?
-27
Let k(m) = -98*m + 2842. What is k(29)?
0
Let g(p) = p**3 - 30*p**2 + 111*p - 12. Calculate g(4).
16
Let x(s) = -100*s - 383. What is x(-4)?
17
Let k(n) = 2*n**3 - 46*n**2 - 842*n + 69. What is k(35)?
-1
Let g(q) = 14*q**2 + 123*q - 24. Give g(-9).
3
Let y(a) = -664*a - 14709. Give y(-22).
-101
Let d(b) = 243*b + 691. Calculate d(-3).
-38
Let t(p) = 6*p**3 - 424*p**2 - 145*p + 210. What is t(71)?
-3
Let k(w) = w**3 + 7*w**2 + 5. Calculate k(-7).
5
Let g(b) = 7*b + 93. Calculate g(-13).
2
Let y(q) = -q**3 + 20*q**2 + 29*q - 194. Calculate y(21).
-26
Let r(p) = 55*p + 112. Give r(9).
607
Let p(u) = u**3 + 155*u**2 - 323*u + 15. Calculate p(2).
-3
Let m(c) = -c**3 - 26*c**2 + 111*c - 131. Calculate m(-30).
139
Let r(f) = f**3 + 6*f**2 + 138*f + 840. Calculate r(-6).
12
Let a(t) = 82*t + 139. Calculate a(3).
385
Let l(n) = 3218*n + 3225. Determine l(-1).
7
Let v(y) = -15155*y + 45457. Determine v(3).
-8
Let u(s) = -20*s + 898. What is u(48)?
-62
Let m(a) = 4*a - 25. What is m(5)?
-5
Let h(b) = 4*b**2 - 7*b - 293. What is h(-8)?
19
Let v(k) = -3*k**2 + 12*k + 14. Determine v(10).
-166
Let a(k) = -4*k**2 - 52*k + 71. What is a(-12)?
119
Let v(g) = 4*g**3 + 4*g**2 + 3*g - 1. Determine v(-2).
-23
Let s(y) = 527*y - 3338. Determine s(6).
-176
Let p(q) = -2*q**3 + 13*q**2 + 22*q - 20. What is p(9)?
-227
Let i(d) = -43*d**2 - 694*d - 2. Give i(-16).
94
Let f(b) = -5*b**3 - 15*b**2 - 17*b - 47. Calculate f(-3).
4
Let h(f) = 2*f**3 - 29*f**2 - 503*f - 135. Calculate h(-10).
-5
Let r(j) = -2924*j - 46783. Give r(-16).
1
Let h(k) = -103*k**2 + 1445*k + 19. What is h(14)?
61
Let x(j) = -101*j - 308. Determine x(-4).
96
Let d(r) = 258*r - 2509. Determine d(10).
71
Let a(p) = 165*p**3 + 68*p**2 - 132*p - 1. Calculate a(2).
1327
Let h(c) = c + 22. Calculate h(-27).
-5
Let z(r) = -7*r - 44. What is z(-10)?
26
Let f(s) = -404*s - 4510. Give f(-11).
-66
Let l(k) = k**3 - 7*k**2 - 745*k + 4503. Calculate l(6).
-3
Let k(s) = s**3 + 8*s**2 + 30*s + 76. What is k(-5)?
1
Let m(j) = 3*j**2 + 44*j - 252. What is m(-19)?
-5
Let f(u) = 23*u**3 + 5*u**2 - 1. Determine f(1).
27
Let u(m) = m**3 - 41*m**2 - 70*m + 1187. Determine u(42).
11
Let t(y) = -174*y + 787. What is t(6)?
-257
Let r(t) = -t**2 + 9*t - 25. Calculate r(5).
-5
Let k(r) = -3*r**3 - 4*r**2 - 3*r - 7. Give k(-2).
7
Let r(p) = 4*p - 167. Calculate r(30).
-47
Let w(i) = 66*i**2 + 595*i + 15. Give w(-9).
6
Let q(o) = -13*o + 126. What is q(5)?
61
Let p(x) = -38*x - 171. What is p(5)?
-361
Let t(w) = -1163*w - 22102. Determine t(-19).
-5
Let f(d) = 11*d + 34. What is f(-21)?
-197
Let s(z) = -z**3 + 3*z**2 + 107*z - 324. Give s(3).
-3
Let d(y) = 80*y - 462. Determine d(12).
498
Let k(h) = 2*h**3 + 4*h + 51. Calculate k(0).
51
Let x(f) = f**2 + 13*f - 54. Give x(-11).
-76
Let l(a) = a**3 + 7*a**2 + 33*a + 78. What is l(-3)?
15
Let f(c) = 7*c**2 - 1431*c + 3428. What is f(202)?
-6
Let o(a) = 3*a**3 + 130*a**2 + 30*a - 590. Give o(-43).
-31
Let i(k) = -k**2 + 51*k - 115. What is i(46)?
115
Let y(t) = 3*t**3 + t**2 + 2*t + 3. Determine y(2).
35
Let u(w) = w**3 + 12*w**2 + 2*w + 26. What is u(-12)?
2
Let u(a) = 2*a**2 + 22*a - 5. What is u(-11)?
-5
Let o(u) = -u**3 + 11*u**2 - 20*u + 128. Calculate o(11).
-92
Let i(u) = 217*u - 2068. Determine i(9).
-115
Let n(h) = -h**2 - 4*h - 261. Give n(0).
-261
Let l(x) = 2*x**3 + 47*x**2 + 207*x + 151. Give l(-18).
-11
Let p(x) = 6*x**2 - 163*x - 157. Give p(28).
-17
Let x(s) = -s**2 + 11*s + 29. What is x(16)?
-51
Let b(l) = 2*l**3 + 24*l + 69. Give b(0).
69
Let s(b) = -b**2 - 6*b - 66. What is s(-9)?
-93
Let j(v) = 6*v**2 - 5662*v + 11327. Determine j(2).
27
Let m(p) = 65*p**2 + 410*p - 2. What is m(-6)?
-122
Let i(c) = -6*c**2 - 36*c - 45. What is i(-4)?
3
Let n(h) = -h**2 - 40*h - 227. Determine n(-6).
-23
Let f(m) = 8*m - 41. Give f(0).
-41
Let r(n) = -3170*n + 19017. Determine r(6).
-3
Let g(d) = 75*d - 143. Calculate g(2).
7
Let p(h) = -61*h - 5. Give p(-3).
178
Let o(y) = -3*y**3 - 58*y**2 - 15*y - 48. Give o(-19).
-124
Let m(p) = 144*p**2 + 1151*p - 18. Determine m(-8).
-10
Let p(c) = -c**3 - c**2 + 8*c - 12. Give p(-4).
4
Let v(y) = -y**3 - 5*y**2 + 20*y + 90. What is v(-6)?
6
Let y(h) = -h**3 + 31*h**2 + 156*h - 426. Calculate y(2).
2
Let l(x) = 5556*x - 38889. Determine l(7).
3
Let w(q) = q**3 + q**2 + 3*q - 207. Calculate w(0).
-207
Let r(b) = -53*b - 1588. Determine r(-30).
2
Let i(d) = -d**3 - 31*d**2 - 88*d + 38. What is i(-28)?
150
Let d(o) = o**3 - 127*o**2 + 253*o - 393. Give d(125).
-18
Let i(p) = 14*p**2 + 38*p + 221. Calculate i(-11).
1497
Let l(b) = b**3 - 16*b**2 - 262*b + 65. What is l(26)?
13
Let p(v) = 27*v - 47. What is p(2)?
7
Let n(m) = -m**3 + 36*m**2 + 37*m + 7. Give n(37).
7
Let w(d) = -d**3 + 5*d**2 - 69*d + 452. Calculate w(6).
2
Let k(x) = 8*x**2 + 274*x + 757. Determine k(-3).
7
Let k(n) = n**2 - 100*n - 12146. What is k(171)?
-5
Let g(b) = -7*b**3 + 10*b**2 - 20*b + 22. Calculate g(3).
-137
Let h(f) = 9*f**2 - 27*f - 4. Give h(0).
-4
Let i(q) = q**3 - 2*q**2 - 104*q + 424. What is i(4)?
40
Let g(y) = -4*y**2 - 193*y - 230. What is g(-47)?
5
Let c(p) = -65*p + 402. Determine c(6).
12
Let g(m) = 879*m**2 + 6170*m + 112. Determine g(-7).
-7
Let o(z) = -z**3 + 27*z**2 - 155*z + 58. What is o(18)?
184
Let f(x) = x**3 + 44*x**2 - 28*x - 1220. Give f(-44).
12
Let n(f) = 2872*f + 11456. Calculate n(-4).
-32
Let j(y) = -21*y**2 + 100*y + 20. Determine j(5).
-5
Let w(n) = -n**2 + 488*n - 21128. Determine w(48).
-8
Let z(m) = m**3 + 12*m**2 - 493*m - 20. Give z(17).
-20
Let c(i) = -i**3 - 8*i**2 + 879*i - 164. What is c(-34)?
6
Let s(n) = -n**3 + 109*n**2 - 313*n - 523. What is s(106)?
7
Let x(k) =